?
False
Does 6 divide 1661?
False
Is 57 a factor of 10887?
True
Is 98 a factor of 10878?
True
Does 2 divide 892?
True
Is 21 a factor of 46368?
True
Is 85272 a multiple of 33?
True
Is 54 a factor of 847?
False
Does 10 divide 16250?
True
Does 19 divide 3116?
True
Does 193 divide 4923?
False
Is 1380 a multiple of 6?
True
Is 67 a factor of 2088?
False
Does 105 divide 2193?
False
Is 331 a multiple of 3?
False
Is 29250 a multiple of 18?
True
Does 5 divide 4715?
True
Is 60 a multiple of 2?
True
Is 1677 a multiple of 39?
True
Does 65 divide 1325?
False
Is 97 a factor of 7930?
False
Is 41 a factor of 1230?
True
Is 63 a factor of 630?
True
Is 7 a factor of 3367?
True
Is 13 a factor of 2847?
True
Does 43 divide 2365?
True
Does 23 divide 1313?
False
Is 25580 a multiple of 16?
False
Is 840 a multiple of 60?
True
Is 607 a multiple of 5?
False
Is 16 a factor of 5648?
True
Is 4033 a multiple of 31?
False
Is 23 a multiple of 23?
True
Is 8 a factor of 7376?
True
Is 3465 a multiple of 20?
False
Is 88 a factor of 799?
False
Does 24 divide 497?
False
Is 10 a factor of 657?
False
Is 43 a factor of 42258?
False
Is 34 a factor of 15444?
False
Is 949 a multiple of 73?
True
Is 1036 a multiple of 16?
False
Does 17 divide 323?
True
Is 17073 a multiple of 271?
True
Does 32 divide 10700?
False
Does 105 divide 25525?
False
Is 31337 a multiple of 22?
False
Does 15 divide 2024?
False
Is 51754 a multiple of 229?
True
Does 9 divide 1224?
True
Does 19 divide 121?
False
Is 135 a multiple of 6?
False
Is 41377 a multiple of 257?
True
Is 10 a factor of 38066?
False
Does 82 divide 5494?
True
Does 63 divide 53692?
False
Does 32 divide 386?
False
Does 27 divide 109?
False
Is 234 a multiple of 18?
True
Does 49 divide 3413?
False
Is 13959 a multiple of 33?
True
Is 25 a factor of 2017?
False
Is 6 a factor of 60?
True
Does 11 divide 495?
True
Is 2958 a multiple of 21?
False
Does 39 divide 195?
True
Is 95 a factor of 1330?
True
Is 6611 a multiple of 92?
False
Is 14 a factor of 99?
False
Is 237 a multiple of 7?
False
Is 468 a multiple of 24?
False
Does 6 divide 114?
True
Does 127 divide 26507?
False
Does 27 divide 8458?
False
Is 12636 a multiple of 81?
True
Does 18 divide 18486?
True
Does 11 divide 396?
True
Does 14 divide 64980?
False
Is 38109 a multiple of 132?
False
Does 8 divide 38440?
True
Is 11 a factor of 384?
False
Is 44 a factor of 11572?
True
Does 133 divide 17689?
True
Is 2970 a multiple of 32?
False
Is 27 a factor of 47985?
False
Does 5 divide 167?
False
Is 5 a factor of 1395?
True
Does 9 divide 126?
True
Is 573 a multiple of 4?
False
Is 8 a factor of 832?
True
Is 41 a factor of 1603?
False
Is 358 a multiple of 22?
False
Is 19 a factor of 188?
False
Is 14 a factor of 2005?
False
Is 50 a factor of 755?
False
Is 108 a multiple of 18?
True
Is 3748 a multiple of 19?
False
Does 87 divide 9570?
True
Is 80 a multiple of 4?
True
Does 3 divide 1149?
True
Does 51 divide 3366?
True
Does 21 divide 9114?
True
Is 2 a factor of 61?
False
Is 17096 a multiple of 4?
True
Is 20834 a multiple of 19?
False
Is 58 a factor of 3690?
False
Does 13 divide 845?
True
Is 1764 a multiple of 63?
True
Is 9 a factor of 34091?
False
Is 3044 a multiple of 162?
False
Does 12 divide 84?
True
Is 238 a multiple of 6?
False
Is 240 a multiple of 16?
True
Is 52610 a multiple of 279?
False
Is 21 a factor of 128263?
False
Is 1075 a multiple of 7?
False
Is 2 a factor of 45?
False
Is 936 a multiple of 12?
True
Is 8879 a multiple of 163?
False
Does 32 divide 5728?
True
Is 4502 a multiple of 15?
False
Is 43 a factor of 731?
True
Is 9 a factor of 4140?
True
Is 280 a multiple of 2?
True
Is 3859 a multiple of 17?
True
Is 53 a factor of 3869?
True
Does 26 divide 14839?
False
Is 378 a multiple of 63?
True
Is 31 a factor of 433?
False
Is 6 a factor of 816?
True
Is 532 a multiple of 7?
True
Is 12845 a multiple of 116?
False
Is 23 even?
False
Is 9 a factor of 1736?
False
Does 8 divide 461?
False
Is 12 a factor of 180?
True
Is 47 a factor of 846?
True
Is 28426 a multiple of 61?
True
Is 103 a factor of 8753?
False
Is 3028 a multiple of 86?
False
Is 40 a multiple of 14?
False
Is 73 a factor of 2930?
False
Does 77 divide 15708?
True
Is 198 a multiple of 6?
True
Does 171 divide 15935?
False
Is 50796 a multiple of 68?
True
Does 21 divide 32508?
True
Is 10 a factor of 420?
True
Is 19 a factor of 23579?
True
Is 58 a factor of 1450?
True
Is 138 a factor of 6190?
False
Is 1095 a multiple of 15?
True
Does 20 divide 1960?
True
Is 51 a factor of 25226?
False
Does 13 divide 195?
True
Is 82 a factor of 1126?
False
Does 6 divide 137?
False
Is 5 a factor of 385?
True
Does 7 divide 2144?
False
Is 264 a multiple of 24?
True
Is 6 a factor of 402?
True
Is 8 a factor of 1744?
True
Is 271 a multiple of 29?
False
Does 87 divide 30276?
True
Is 10260 a multiple of 7?
False
Is 15 a factor of 2064?
False
Is 26 a factor of 92?
False
Does 5 divide 21700?
True
Does 16 divide 816?
True
Is 3113 a multiple of 11?
True
Is 438 a multiple of 73?
True
Is 6 a factor of 546?
True
Is 32 a factor of 7008?
True
Is 23 a factor of 1131?
False
Is 1568 a multiple of 16?
True
Does 54 divide 34506?
True
Is 17 a factor of 48144?
True
Is 13 a factor of 1651?
True
Is 685 a multiple of 14?
False
Does 3 divide 50?
False
Is 46 a factor of 133?
False
Is 150 a multiple of 5?
True
Does 15 divide 6009?
False
Is 2044 a multiple of 3?
False
Is 2875 a multiple of 12?
False
Is 825 a multiple of 55?
True
Does 29 divide 10788?
True
Is 83 a factor of 10024?
False
Is 756 a multiple of 14?
True
Is 544 a multiple of 16?
True
Does 121 divide 24442?
True
Is 10 a factor of 2063?
False
Is 1496 a multiple of 88?
True
Is 5 a factor of 625?
True
Is 7980 a multiple of 114?
True
Does 16 divide 1389?
False
Does 8 divide 972?
False
Is 2238 a multiple of 23?
False
Does 19 divide 1178?
True
Does 40 divide 1320?
True
Is 33046 a multiple of 16?
False
Is 5 a factor of 761?
False
Is 24 a factor of 1056?
True
Does 22 divide 3223?
False
Does 65 divide 6825?
True
Is 46724 a multiple of 32?
False
Is 342 a multiple of 18?
True
Is 10391 a multiple of 13?
False
Does 12 divide 2085?
False
Is 2 a factor of 194?
True
Is 6694 a multiple of 15?
False
Is 23 a factor of 23671?
False
Does 15 divide 417?
False
Does 3 divide 315?
True
Is 16658 a multiple of 8?
False
Is 809 a multiple of 65?
False
Is 48 a multiple of 48?
True
Is 50571 a multiple of 101?
False
Does 21 divide 15855?
True
Does 44 divide 6204?
True
Is 2033 a multiple of 19?
True
Is 1075 a multiple of 6?
False
Is 14 a factor of 26917?
False
Does 6 divide 140?
False
Does 4 divide 124?
True
Does 40 divide 2120?
True
Is 80152 a multiple of 15?
False
Does 17 divide 11050?
True
Does 40 divide 146?
False
Does 36 divide 376?
False
Is 52 a factor of 4784?
True
Does 5 divide 306?
False
Does 7 divide 147?
True
Is 29 a factor of 418?
False
Is 288 a multiple of 2?
True
Does 36 divide 79564?
False
Does 2 divide 392?
True
Is 21203 a multiple of 55?
False
Is 12 a factor of 6467?
False
Is 45 a factor of 10397?
False
Does 11 divide 66?
True
Does 45 divide 16560?
True
Is 11 a factor of 32604?
True
Does 232 divide 19488?
True
Does 40 divide 2200?
True
Is 18360 a multiple of 90?
True
Is 46 a factor of 2622?
True
Is 11 a factor of 656?
False
Is 32 a factor of 992?
True
Does 38 divide 349?
False
Does 3 divide 3704?
False
Is 8397 a multiple of 31?
False
Is 5280 a multiple of 5?
True
Is 23 a factor of 2942?
False
Is 48 a factor of 5183?
False
Does 79 divide 7031?
True
Is 15 a factor of 5382?
False
Is 5 a factor of 1461?
False
Does 9 divide 9398?
False
Is 491 a factor of 94075?
False
Is 20 a factor of 12716?
False
Is 13 a factor of 1402?
False
Is 4290 a multiple of 10?
True
Does 149 divide 45238?
False
Is 22 a factor of 20892?
False
Does 57 divide 912?
True
Does 17 divide 712?
False
Is 7038 a multiple of 153?
True
Is 26 a factor of 132?
False
Does 14 divide 21979?
False
Is 5413 a multiple of 13?
False
Is 20 a factor of 32116?
False
Is 12 a factor of 540?
True
Is 4 a factor of 80?
True
Does 44 divide 630?
False
Does 54 divide 8046?
True
Is 4 a factor of 1528?
True
Is 2 a factor of 1631?
False
Is 52 a multiple of 18?
False
Is 29 a factor of 113?
False
Does 13 divide 559?
True
Is 320 a multiple of 8?
True
Does 59 divide 67216?
False
Is 808 a multiple of 11?
False
Is 23 a factor of 950?
False
Is 11